**2 - 3*d - 2. What is v(2)?
12
Let j(i) = -i**2 - 9*i. What is j(-10)?
-10
Let g(f) = -f**3 + f**2 - 4*f + 13. What is g(2)?
1
Let s(o) = o - 28. Determine s(21).
-7
Let k(q) = -q**3 + 11*q**2 + 11*q - 3. Calculate k(12).
-15
Let y(r) = -r**3 - 9*r**2 + 2*r + 19. What is y(-9)?
1
Let k(y) = 10*y - 20. What is k(6)?
40
Let o(q) = 115*q + 99. Give o(-1).
-16
Let h(n) = 11*n**2 - 1. What is h(-1)?
10
Let b(h) = 4*h - 18. Determine b(10).
22
Let x(l) = -3*l**2 - 3*l - 6. Determine x(-4).
-42
Let i(t) = -2*t**3 - 5*t**2 - 4*t + 1. Calculate i(-3).
22
Let v(m) = -m**2 - 13*m - 48. Give v(-4).
-12
Let z(s) = -s**3 + 9*s**2 - 7*s. Give z(7).
49
Let m(c) = c**3 - 35*c**2 + 32*c + 48. Give m(34).
-20
Let g(h) = -h**3 + 16*h**2 - 13*h - 39. Give g(15).
-9
Let l(n) = 13*n**3 - 3*n**2 + 2*n + 1. Determine l(1).
13
Let o(s) = -2*s + 41. Calculate o(11).
19
Let w(p) = -p**3 + 15*p**2 - 17*p + 19. Calculate w(14).
-23
Let v(c) = 14*c + 33. Calculate v(-3).
-9
Let c(t) = t**3 - 8*t**2 + 18*t - 51. What is c(6)?
-15
Let v(f) = f - 12. Give v(5).
-7
Let v(l) = l**2 - 1. Calculate v(-3).
8
Let a(u) = -u**2 + 3*u - 5. Determine a(2).
-3
Let m(t) = 3*t + 4. Give m(7).
25
Let r(v) = v**3 + v**2 + v - 5. Calculate r(-4).
-57
Let n(r) = 145*r - 1008. Determine n(7).
7
Let y(t) = t + 4. Give y(-4).
0
Let j(t) = -5*t**3 - t**2 - 2*t + 4. Give j(0).
4
Let t(x) = -2*x**2 + 7. Give t(0).
7
Let c(j) = -j**3 - 5*j**2 + 1. Calculate c(-5).
1
Let i(y) = -y**3 + 21*y**2 - 25*y + 106. Give i(20).
6
Let z(k) = -k**2 + 15*k - 6. Determine z(15).
-6
Let m(r) = r**2 - 19*r - 41. Give m(21).
1
Let q(r) = -4*r - 8. Calculate q(-7).
20
Let g(a) = a**3 + 4*a**2 - 61*a - 4. Determine g(-10).
6
Let a(t) = -t**2 + t + 2. What is a(2)?
0
Let a(g) = 29*g + 1. Give a(-1).
-28
Let n(j) = 2*j**3 + 5*j**2 + 3*j - 8. Calculate n(-3).
-26
Let j(b) = 4*b. Give j(3).
12
Let o(f) = -2*f - 18. Determine o(-7).
-4
Let y(a) = -a**3 + 9*a**2 + a + 8. Determine y(9).
17
Let f(c) = -2*c**2 + 6*c - 7. What is f(2)?
-3
Let n(c) = -c**3 - 4*c**2 + 6*c - 6. Calculate n(-5).
-11
Let h(y) = y + 3. What is h(8)?
11
Let n(x) = -x**2 - 13*x + 3. What is n(-9)?
39
Let g(j) = -4*j**2 + 2*j + 1. Determine g(2).
-11
Let a(q) = -q**2 + 2*q + 5. Calculate a(6).
-19
Let n(g) = 8*g**2 - 7*g + 45. Give n(5).
210
Let m(h) = -10*h + 7. Give m(6).
-53
Let n(l) = 9*l + 3. Give n(-1).
-6
Let k(w) = 6*w + 60. What is k(12)?
132
Let s(g) = -g**3 - 8*g**2 + 8*g. Determine s(-9).
9
Let s(g) = g**3 - 10*g**2 - 23*g - 8. Give s(12).
4
Let h(z) = -25*z + 19. Give h(5).
-106
Let t(a) = a**3 - 11*a**2 - 46*a + 62. Determine t(14).
6
Let b(w) = w**3 - 6*w**2 + 4*w + 1. What is b(5)?
-4
Let v(c) = c**2 - 15*c + 69. Calculate v(11).
25
Let q(d) = 9*d**2 + d + 2. Determine q(-1).
10
Let h(n) = -3*n**2 + 10*n - 3. What is h(3)?
0
Let u(c) = -c**2 - 6*c + 14. Calculate u(-6).
14
Let w(c) = c - 5. Calculate w(2).
-3
Let k(i) = i**3 - 6*i**2 - 16*i - 20. Determine k(8).
-20
Let x(i) = -2*i**2 + 6*i - 3. Give x(4).
-11
Let g(k) = -k**3 + 11*k**2 - 5*k + 40. Calculate g(11).
-15
Let u(p) = 73*p + 288. Determine u(-4).
-4
Let y(b) = -b**2 - 42*b - 359. Give y(-29).
18
Let w(f) = f**3 + 5*f**2 - 24*f - 6. Give w(-8).
-6
Let u(c) = -c**3 + 21*c**2 - 22*c + 36. Determine u(20).
-4
Let l(a) = -69*a - 39. Calculate l(-1).
30
Let z(u) = 50*u**2 + 2*u - 1. What is z(1)?
51
Let f(z) = -z**3 - 11*z**2 + 6*z + 34. Determine f(-11).
-32
Let m(d) = -d**2 - 3*d - 12. Determine m(-6).
-30
Let v(w) = -5*w + 17. What is v(5)?
-8
Let o(p) = -p**3 - 7*p**2 - 3*p + 3. What is o(-6)?
-15
Let k(v) = -4*v**3 - 4*v**2 - 2*v. What is k(-3)?
78
Let d(q) = -2*q**2 + 47*q + 83. Determine d(25).
8
Let o(g) = 14*g**3 + 3*g + 2. What is o(-1)?
-15
Let x(m) = -2*m**3 + 10*m**2 - 3. Calculate x(5).
-3
Let o(w) = -8*w**3 - 2*w**2 + 1. What is o(-1)?
7
Let r(u) = u + 53. What is r(-10)?
43
Let a(j) = 17*j**3 - j. Give a(-1).
-16
Let h(c) = -c**2 + 9*c + 6. Calculate h(9).
6
Let t(z) = -z**3 - 14*z**2 + 50*z - 28. Determine t(-17).
-11
Let p(r) = 10*r - 84. Give p(9).
6
Let v(q) = 3*q**2 - 2*q - 14. Determine v(3).
7
Let j(h) = -18*h - 197. What is j(-10)?
-17
Let l(w) = -w**3 + 4*w**2 - w + 8. What is l(6)?
-70
Let d(c) = 29*c. What is d(-1)?
-29
Let m(q) = -q**3 + 14*q**2 - 12*q + 1. Calculate m(13).
14
Let m(c) = -c**2 - c + 18. Calculate m(0).
18
Let g(r) = -r**3 + 18*r**2 + 22*r + 24. Determine g(19).
81
Let f(q) = -q**2 - 12*q + 13. Give f(-10).
33
Let q(d) = 4*d + 116. Determine q(-29).
0
Let p(y) = y**3 + y**2 + y - 2. Determine p(2).
12
Let n(z) = -z - 5. What is n(4)?
-9
Let j(a) = -2*a**2 - 12*a - 9. Determine j(-6).
-9
Let w(p) = -p**3 - 3*p**2 + 9*p + 1. Calculate w(-5).
6
Let o(d) = 3*d**2 + 9*d + 9. Calculate o(-8).
129
Let h(g) = g**3 - 13*g**2 + 11*g + 29. Give h(12).
17
Let b(l) = l**3 - l**2 - 2*l - 2. Determine b(-2).
-10
Let n(w) = -2*w - 8. Determine n(9).
-26
Let s(m) = -4*m**2 + m - 1. Calculate s(2).
-15
Let y(m) = -m**2 + m + 38. Give y(-6).
-4
Let k(z) = 25*z - 398. Calculate k(16).
2
Let k(p) = p**2 + p - 4. Calculate k(3).
8
Let i(r) = -r**3 + 10*r**2 + 41*r - 39. What is i(13)?
-13
Let m(p) = p**2 - 3*p + 3. What is m(-10)?
133
Let a(t) = -5*t**2 - 4*t - 3. Give a(-2).
-15
Let w(y) = -2*y - 7. What is w(-6)?
5
Let l(c) = c**3 + 11*c**2 - 12*c - 4. Give l(-12).
-4
Let l(z) = z**3 - 6*z**2 - 3*z + 8. Determine l(6).
-10
Let p(q) = 2*q - 6. What is p(-13)?
-32
Let o(p) = -p**3 + 7*p**2 - 3*p - 37. Give o(4).
-1
Let j(z) = 2*z**3 - 3*z**2 - z - 9. Give j(3).
15
Let d(h) = h**2 + 9*h + 10. Determine d(-6).
-8
Let g(d) = -2*d**2 - 26*d + 22. Give g(-14).
-6
Let c(b) = 9*b + 7. Determine c(3).
34
Let h(n) = -n**3 + 41*n**2 - 70. Calculate h(41).
-70
Let p(t) = t**3 + 6*t**2 - 19*t - 17. Calculate p(-7).
67
Let y(b) = -b**3 + 13*b**2 - 11*b - 16. Calculate y(12).
-4
Let z(i) = -10*i**2 - i + 1. Give z(1).
-10
Let f(j) = j + 14. Give f(-4).
10
Let u(j) = -22*j + 2. Determine u(-3).
68
Let c(h) = 2*h**2 - 43*h - 13. Give c(22).
9
Let o(b) = -b**3 + 8*b**2 + 9*b + 5. Calculate o(9).
5
Let k(d) = -d**2 - 16*d + 7. Determine k(-14).
35
Let a(m) = 11*m - 125. Calculate a(12).
7
Let q(z) = -8*z + 22. Give q(2).
6
Let g(l) = -l**2 - 7*l - 5. Calculate g(-6).
1
Let u(j) = j**3 - 6*j**2 + 6*j - 2. Give u(2).
-6
Let h(y) = 2*y**3 - 6*y**2 - y - 6. Determine h(-3).
-111
Let x(f) = f**3 - 7*f**2 - 12*f - 13. What is x(8)?
-45
Let r(t) = t**3 + t - 1. What is r(0)?
-1
Let i(a) = -a**3 + 21*a**2 + 46*a + 3. Give i(23).
3
Let x(i) = 4*i - 12. What is x(-11)?
-56
Let i(l) = -l**2 + 13*l - 4. Calculate i(12).
8
Let h(m) = m**2 - 2*m - 7. Give h(-5).
28
Let v(b) = b**3 - 3*b**2. Calculate v(-3).
-54
Let f(q) = -q**3 + 7*q**2 + 8*q + 2. Determine f(8).
2
Let y(n) = 4*n + 145. Give y(-35).
5
Let n(y) = -7*y - 6. Calculate n(-4).
22
Let m(n) = n**3 - 6*n**2 + 3*n + 7. Give m(5).
-3
Let j(h) = 62*h + 64. Calculate j(-1).
2
Let a(k) = -k**2 - 8*k - 23. What is a(-5)?
-8
Let v(m) = 6*m + 7. Determine v(-2).
-5
Let a(z) = 5*z**3 - 25*z**2 + 3*z - 12. Calculate a(5).
3
Let j(z) = -5*z - 20. Calculate j(-5).
5
Let f(q) = q**3 - 7*q**2 - 3. Give f(7).
-3
Let b(k) = -18*k**2 - 90*k + 7. Give b(-5).
7
Let n(x) = -x**2 - 2*x + 24. What is n(-6)?
0
Let k(s) = -31*s**3 - s**2 - s. Calculate k(-1).
31
Let y(c) = -c**2 + 52*c + 188. What is y(55)?
23
Let j(v) = v**3 + v**2 - 2*v + 6. Give j(0).
6
Let x(w) = -91*w - 441. Calculate x(-5).
14
Let y(z) = -4*z + 8. Give y(6).
-16
Let q(l) = l + 9. Calculate q(-13).
-4
Let n(k) = -k**2 - 2*k + 8. Determine n(-6).
-16
Let y(f) = f**2 - 43*f + 343. What is y(32)?
-9
Let w(r) = r**2 - 28*r + 147. Determine w(21).
0
Let r(i) = i**2 + 6*i + 4. Determine r(-7).
11
Let k(i) = 2*i**2 + 4*i + 43. Give k(0).
43
Let b(w) = -3*w + 46. What is b(14)?
4
Let h(x) = -x - 3. Calculate h(15).
-18
Let w(x) = x**3 - 5*x**2 + 6*x - 11. Determine w(4).
-3
Let c(g) = g**2 + 2*g. Calculate c(-6).
24
Let u(a) = 5*a - 167. Determine u(33).
-2
Let t(r) = -6*r**2 + r + 6. What is t(-3)?
-51
Let n(u) = -u**2 + 9*u + 10. Calculate n(10).
0
Let q(x) = -x**3 - 4*x**2 + 7*x + 6. Give q(-5).
-4
Let w(g) = g**2 - 14*g + 2. Calculate w(12).
-22
Let o(w) = -w**3 - 5*w**2 - 2*w - 3. Give o(-4).
-11
Let s(r) = -r**3 - 7*r**2 - 2*r + 10. Determine s(-5).
-30
Let q(c) = -11*c - 63. Dete